{"id":105,"date":"2024-09-25T17:30:38","date_gmt":"2024-09-25T15:30:38","guid":{"rendered":"https:\/\/www.feel-in-therapy.com\/?page_id=105"},"modified":"2024-09-26T12:27:20","modified_gmt":"2024-09-26T10:27:20","slug":"devenez-therapeute-feelin","status":"publish","type":"page","link":"https:\/\/www.feel-in-therapy.com\/index.php\/devenez-therapeute-feelin\/","title":{"rendered":"Devenez th\u00e9rapeute Feel&rsquo;In"},"content":{"rendered":"\n<h1 class=\"wp-block-heading has-text-align-center\"><mark style=\"background-color:rgba(0, 0, 0, 0)\" class=\"has-inline-color has-orange-color\">Devenez th\u00e9rapeute Feel&rsquo;In<\/mark><\/h1>\n\n\n\n<p><mark style=\"background-color:rgba(0, 0, 0, 0)\" class=\"has-inline-color has-foreground-color\">Le programme de formation <strong>Th\u00e9rapie Feel&rsquo;In<\/strong> est une opportunit\u00e9 unique pour les psychologues, psychiatres et professionnels de la sant\u00e9 mentale souhaitant enrichir leur pratique avec une approche th\u00e9rapeutique novatrice et int\u00e9grative. En devenant th\u00e9rapeute <strong>Feel&rsquo;In<\/strong>, vous apprendrez \u00e0 guider vos patients vers une gu\u00e9rison durable et profonde, en vous appuyant sur des techniques qui respectent leur rythme et leur processus de gu\u00e9rison inn\u00e9.<\/mark><\/p>\n\n\n\n<div class=\"wp-block-buttons is-content-justification-center is-layout-flex wp-container-core-buttons-is-layout-a89b3969 wp-block-buttons-is-layout-flex\">\n<div class=\"wp-block-button\"><a class=\"wp-block-button__link wp-element-button\" href=\"https:\/\/www.feel-in-therapy.com\/index.php\/les-formations-fit\/\">Inscrivez-vous !<\/a><\/div>\n<\/div>\n\n\n\n<h2 class=\"wp-block-heading\"><mark style=\"background-color:rgba(0, 0, 0, 0);color:#f7ae38\" class=\"has-inline-color\">Pourquoi devenir th\u00e9rapeute Feel&rsquo;In?<\/mark><\/h2>\n\n\n\n<h3 class=\"wp-block-heading\"><mark style=\"background-color:rgba(0, 0, 0, 0)\" class=\"has-inline-color has-cyan-color\"><strong>Un outil th\u00e9rapeutique puissant et rapide<\/strong><\/mark><\/h3>\n\n\n\n<p><mark style=\"background-color:rgba(0, 0, 0, 0)\" class=\"has-inline-color has-foreground-color\">La <strong>th\u00e9rapie Feel&rsquo;In<\/strong> offre une m\u00e9thode qui se distingue par son efficacit\u00e9 dans le traitement des traumas, des troubles de l\u2019attachement, des blocages \u00e9motionnels et cognitifs, et bien d\u2019autres. Cette approche met l&rsquo;accent sur la gu\u00e9rison globale, int\u00e9grant \u00e0 la fois les aspects cognitifs, \u00e9motionnels et somatiques de vos patients.<\/mark><\/p>\n\n\n\n<h3 class=\"wp-block-heading\"><mark style=\"background-color:rgba(0, 0, 0, 0)\" class=\"has-inline-color has-cyan-color\"><strong>Une m\u00e9thode adaptable \u00e0 diverses populations<\/strong><\/mark><\/h3>\n\n\n\n<p><mark style=\"background-color:rgba(0, 0, 0, 0)\" class=\"has-inline-color has-foreground-color\">Que vous travailliez avec des adultes, des enfants, des couples ou des familles, la <strong>th\u00e9rapie Feel&rsquo;In<\/strong> est une m\u00e9thode adaptable \u00e0 diff\u00e9rents publics et contextes cliniques. Elle est particuli\u00e8rement efficace pour traiter des conditions comme le trouble de stress post-traumatique (TSPT), les troubles dissociatifs, les phobies, ainsi que les d\u00e9sordres \u00e9motionnels tels que l&rsquo;anxi\u00e9t\u00e9 et la d\u00e9pression.<\/mark><\/p>\n\n\n\n<h3 class=\"wp-block-heading\"><mark style=\"background-color:rgba(0, 0, 0, 0)\" class=\"has-inline-color has-cyan-color\"><strong>Une approche centr\u00e9e sur le patient<\/strong><\/mark><\/h3>\n\n\n\n<p><mark style=\"background-color:rgba(0, 0, 0, 0)\" class=\"has-inline-color has-foreground-color\">Dans la <strong>th\u00e9rapie Feel&rsquo;In<\/strong>, le processus th\u00e9rapeutique est enti\u00e8rement guid\u00e9 par les r\u00e9ponses corporelles et \u00e9motionnelles du patient. Cette m\u00e9thode non-verbale et non-analytique permet d&rsquo;acc\u00e9der rapidement aux racines des blocages et d\u2019encourager la gu\u00e9rison naturelle du patient, en respectant toujours son autonomie et sa capacit\u00e9 \u00e0 diriger sa propre transformation.<\/mark><\/p>\n\n\n\n<h2 class=\"wp-block-heading\"><mark style=\"background-color:rgba(0, 0, 0, 0);color:#f7ae38\" class=\"has-inline-color\">Ce que vous apprendrez<\/mark><\/h2>\n\n\n\n<p><mark style=\"background-color:rgba(0, 0, 0, 0)\" class=\"has-inline-color has-foreground-color\">En rejoignant la formation la <strong>th\u00e9rapie Feel&rsquo;In<\/strong>, vous apprendrez \u00e0 :<\/mark><\/p>\n\n\n\n<ul class=\"wp-block-list\">\n<li><mark style=\"background-color:rgba(0, 0, 0, 0)\" class=\"has-inline-color has-foreground-color\"><strong>Ma\u00eetriser les techniques fondamentales<\/strong> : Identifier et travailler avec les activations internes (\u00e9motionnelles, somatiques, cognitives) qui \u00e9mergent durant la th\u00e9rapie.<\/mark><\/li>\n\n\n\n<li><mark style=\"background-color:rgba(0, 0, 0, 0)\" class=\"has-inline-color has-foreground-color\"><strong>Favoriser une communication non-verbale<\/strong> : Utiliser les signaux internes non-verbaux du patient pour les guider vers une conscience plus profonde de leurs sensations internes et \u00e9motions, sans recourir \u00e0 des interpr\u00e9tations cognitives.<\/mark><\/li>\n\n\n\n<li><mark style=\"background-color:rgba(0, 0, 0, 0)\" class=\"has-inline-color has-foreground-color\"><strong>Adapter la th\u00e9rapie \u00e0 chaque patient<\/strong> : Cr\u00e9er des approches th\u00e9rapeutiques sur mesure, adapt\u00e9s aux besoins sp\u00e9cifiques de vos patients, tout en g\u00e9rant les r\u00e9sistances et dissociations qui peuvent survenir.<\/mark><\/li>\n<\/ul>\n\n\n\n<h3 class=\"wp-block-heading\"><mark style=\"background-color:rgba(0, 0, 0, 0)\" class=\"has-inline-color has-cyan-color\"><strong>Structure de la formation<\/strong><\/mark><\/h3>\n\n\n\n<p><mark style=\"background-color:rgba(0, 0, 0, 0)\" class=\"has-inline-color has-foreground-color\">Notre programme est structur\u00e9 pour offrir une combinaison \u00e9quilibr\u00e9e entre th\u00e9orie et pratique. Il comprend :<\/mark><\/p>\n\n\n\n<ul class=\"wp-block-list\">\n<li><mark style=\"background-color:rgba(0, 0, 0, 0)\" class=\"has-inline-color has-foreground-color\"><strong>Modules th\u00e9oriques<\/strong> : Exploration des fondements th\u00e9oriques, incluant la th\u00e9orie de l&rsquo;attachement, le trauma, la dissociation et les neurosciences qui sous-tendent Feel&rsquo;In Therapy.<\/mark><\/li>\n\n\n\n<li><mark style=\"background-color:rgba(0, 0, 0, 0)\" class=\"has-inline-color has-foreground-color\"><strong>Exercices pratiques et \u00e9tudes de cas<\/strong> : Application des techniques de Feel&rsquo;In Therapy \u00e0 des cas r\u00e9els et sc\u00e9narios cliniques, avec un retour constructif de vos pairs et des formateurs.<\/mark><\/li>\n\n\n\n<li><mark style=\"background-color:rgba(0, 0, 0, 0)\" class=\"has-inline-color has-foreground-color\"><strong>Sessions supervis\u00e9es<\/strong> : Sessions supervis\u00e9es pour garantir l&rsquo;int\u00e9gration des comp\u00e9tences acquises et offrir des retours personnalis\u00e9s.<\/mark><\/li>\n<\/ul>\n\n\n\n<h3 class=\"wp-block-heading\"><mark style=\"background-color:rgba(0, 0, 0, 0)\" class=\"has-inline-color has-cyan-color\"><strong>Certification<\/strong><\/mark><\/h3>\n\n\n\n<p><mark style=\"background-color:rgba(0, 0, 0, 0)\" class=\"has-inline-color has-foreground-color\">\u00c0 l&rsquo;issue de la formation, les participants recevront une certification de niveau 1, leur permettant de commencer \u00e0 pratiquer Feel&rsquo;In Therapy. <\/mark><\/p>\n\n\n\n<p><mark style=\"background-color:rgba(0, 0, 0, 0)\" class=\"has-inline-color has-foreground-color\">Une certification compl\u00e8te est obtenue apr\u00e8s la r\u00e9ussite des niveaux 1 et 2, ainsi que de 15 sessions supervis\u00e9es.<\/mark><\/p>\n\n\n\n<h3 class=\"wp-block-heading\"><mark style=\"background-color:rgba(0, 0, 0, 0)\" class=\"has-inline-color has-cyan-color\"><strong>Un soutien continu<\/strong><\/mark><\/h3>\n\n\n\n<p><mark style=\"background-color:rgba(0, 0, 0, 0)\" class=\"has-inline-color has-foreground-color\">Devenir th\u00e9rapeute Feel&rsquo;In, c\u2019est aussi rejoindre une communaut\u00e9 de praticiens engag\u00e9s. Vous b\u00e9n\u00e9ficierez d&rsquo;un acc\u00e8s \u00e0 :<\/mark><\/p>\n\n\n\n<ul class=\"wp-block-list\">\n<li><mark style=\"background-color:rgba(0, 0, 0, 0)\" class=\"has-inline-color has-foreground-color\"><strong>Des ressources en ligne<\/strong> : Acc\u00e9dez \u00e0 des articles, \u00e9tudes de cas, vid\u00e9os et webinaires pour continuer \u00e0 enrichir vos comp\u00e9tences.<\/mark><\/li>\n\n\n\n<li><mark style=\"background-color:rgba(0, 0, 0, 0)\" class=\"has-inline-color has-foreground-color\"><strong>Supervision continue<\/strong> : Des sessions de supervision r\u00e9guli\u00e8res sont disponibles pour vous accompagner dans l&rsquo;application de Feel&rsquo;In Therapy dans vos consultations.<\/mark><\/li>\n\n\n\n<li><mark style=\"background-color:rgba(0, 0, 0, 0)\" class=\"has-inline-color has-foreground-color\"><strong>Des formations avanc\u00e9es<\/strong> : Continuez \u00e0 approfondir vos connaissances avec des modules de formation avanc\u00e9s et des ateliers sp\u00e9cialis\u00e9s.<\/mark><\/li>\n<\/ul>\n\n\n\n<h2 class=\"wp-block-heading has-text-align-center\"><mark style=\"background-color:rgba(0, 0, 0, 0);color:#f7ae38\" class=\"has-inline-color\">Inscription<\/mark><\/h2>\n\n\n\n<p><mark style=\"background-color:rgba(0, 0, 0, 0)\" class=\"has-inline-color has-foreground-color\">Si vous \u00eates pr\u00eat \u00e0 enrichir votre pratique avec une approche th\u00e9rapeutique innovante et centr\u00e9e sur le patient, inscrivez-vous d\u00e8s maintenant \u00e0 la formation Feel&rsquo;In Therapy. En devenant th\u00e9rapeute Feel&rsquo;In, vous vous engagez \u00e0 accompagner vos patients vers une transformation profonde, tout en enrichissant votre pratique d\u2019une approche int\u00e9grative et respectueuse.<\/mark><\/p>\n\n\n\n<h3 class=\"wp-block-heading\"><strong><mark style=\"background-color:rgba(0, 0, 0, 0)\" class=\"has-inline-color has-cyan-color\">Pr\u00e9-requis<\/mark><\/strong><\/h3>\n\n\n\n<p><mark style=\"background-color:rgba(0, 0, 0, 0)\" class=\"has-inline-color has-foreground-color\">La formation est ouverte aux psychologues, psychiatres et m\u00e9decins, ainsi qu&rsquo;aux \u00e9tudiants en psychologie en derni\u00e8re ann\u00e9e avec au moins deux stages cliniques \u00e0 leur actif.<\/mark><\/p>\n\n\n\n<p><mark style=\"background-color:rgba(0, 0, 0, 0)\" class=\"has-inline-color has-foreground-color\">Pour plus d\u2019informations sur les prochaines sessions et pour vous inscrire, merci de bien vouloir consulter la liste ci-dessous :<\/mark><\/p>\n\n\n\n<figure class=\"wp-block-table\"><table class=\"has-fixed-layout\"><tbody><tr><td class=\"has-text-align-center\" data-align=\"center\"><strong><mark style=\"background-color:rgba(0, 0, 0, 0)\" class=\"has-inline-color has-cyan-color\">Titre de Formation<\/mark><\/strong><\/td><td class=\"has-text-align-center\" data-align=\"center\"><strong><mark style=\"background-color:rgba(0, 0, 0, 0)\" class=\"has-inline-color has-cyan-color\">Dates de Formation<\/mark><\/strong><\/td><td class=\"has-text-align-center\" data-align=\"center\"><mark style=\"background-color:rgba(0, 0, 0, 0)\" class=\"has-inline-color has-cyan-color\"><strong>Pr\u00e9sentiel <br>\/ \u00e0 Distance <\/strong><\/mark><\/td><td class=\"has-text-align-center\" data-align=\"center\"><strong><mark style=\"background-color:rgba(0, 0, 0, 0)\" class=\"has-inline-color has-cyan-color\">Langue <\/mark><\/strong><br><strong><mark style=\"background-color:rgba(0, 0, 0, 0)\" class=\"has-inline-color has-cyan-color\">(ENG \/ FR)<\/mark><\/strong><\/td><td class=\"has-text-align-center\" data-align=\"center\"><strong><mark style=\"background-color:rgba(0, 0, 0, 0)\" class=\"has-inline-color has-cyan-color\">Nombre de jours (heures)<\/mark><\/strong><\/td><td class=\"has-text-align-center\" data-align=\"center\"><strong><mark style=\"background-color:rgba(0, 0, 0, 0)\" class=\"has-inline-color has-cyan-color\">Tarif <br>(En euros)<\/mark><\/strong><\/td><td class=\"has-text-align-center\" data-align=\"center\"><strong><mark style=\"background-color:rgba(0, 0, 0, 0)\" class=\"has-inline-color has-cyan-color\">Lien d&rsquo;inscription<\/mark><\/strong><\/td><\/tr><tr><td class=\"has-text-align-center\" data-align=\"center\">Th\u00e9rapie Feel&rsquo;In &#8211; Niveau 1<\/td><td class=\"has-text-align-center\" data-align=\"center\">FEVRIER  24<\/td><td class=\"has-text-align-center\" data-align=\"center\">PRESENTIEL<\/td><td class=\"has-text-align-center\" data-align=\"center\">FRENCH<\/td><td class=\"has-text-align-center\" data-align=\"center\">2JOURS (14H)<\/td><td class=\"has-text-align-center\" data-align=\"center\"><\/td><td class=\"has-text-align-center\" data-align=\"center\">A VENIR<\/td><\/tr><tr><td class=\"has-text-align-center\" data-align=\"center\">Feel&rsquo;In Therapy <br>&#8211; Level 1<\/td><td class=\"has-text-align-center\" data-align=\"center\">MARS 24<\/td><td class=\"has-text-align-center\" data-align=\"center\">A DISTANCE<\/td><td class=\"has-text-align-center\" data-align=\"center\">ENGLISH<\/td><td class=\"has-text-align-center\" data-align=\"center\">2JOURS (14H)<\/td><td class=\"has-text-align-center\" data-align=\"center\"><\/td><td class=\"has-text-align-center\" data-align=\"center\">A VENIR <\/td><\/tr><tr><td class=\"has-text-align-center\" data-align=\"center\">Th\u00e9rapie Feel&rsquo;In &#8211; Niveau 2<\/td><td class=\"has-text-align-center\" data-align=\"center\">OCTOBRE 24<\/td><td class=\"has-text-align-center\" data-align=\"center\">PRESENTIEL<\/td><td class=\"has-text-align-center\" data-align=\"center\">FRENCH<\/td><td class=\"has-text-align-center\" data-align=\"center\">2JOURS (14H)<\/td><td class=\"has-text-align-center\" data-align=\"center\"><\/td><td class=\"has-text-align-center\" data-align=\"center\">A VENIR<\/td><\/tr><tr><td class=\"has-text-align-center\" data-align=\"center\">Feel&rsquo;In Therapy <br>&#8211; Level 2<\/td><td class=\"has-text-align-center\" data-align=\"center\">NOVEMBRE 24<\/td><td class=\"has-text-align-center\" data-align=\"center\">A DISTANCE <\/td><td class=\"has-text-align-center\" data-align=\"center\">ENGLISH<\/td><td class=\"has-text-align-center\" data-align=\"center\">2JOURS (14H)<\/td><td class=\"has-text-align-center\" data-align=\"center\"><\/td><td class=\"has-text-align-center\" data-align=\"center\">A VENIR<\/td><\/tr><\/tbody><\/table><\/figure>\n","protected":false},"excerpt":{"rendered":"<p>Devenez th\u00e9rapeute Feel&rsquo;In Le programme de formation Th\u00e9rapie Feel&rsquo;In est une opportunit\u00e9 unique pour les psychologues, psychiatres et professionnels de la sant\u00e9 mentale souhaitant enrichir leur pratique avec une approche th\u00e9rapeutique novatrice et int\u00e9grative. En devenant th\u00e9rapeute Feel&rsquo;In, vous apprendrez \u00e0 guider vos patients vers une gu\u00e9rison durable et profonde, en vous appuyant sur des [&hellip;]<\/p>\n","protected":false},"author":1,"featured_media":0,"parent":0,"menu_order":0,"comment_status":"closed","ping_status":"closed","template":"","meta":{"om_disable_all_campaigns":false,"footnotes":""},"class_list":["post-105","page","type-page","status-publish","hentry"],"_links":{"self":[{"href":"https:\/\/www.feel-in-therapy.com\/index.php\/wp-json\/wp\/v2\/pages\/105","targetHints":{"allow":["GET"]}}],"collection":[{"href":"https:\/\/www.feel-in-therapy.com\/index.php\/wp-json\/wp\/v2\/pages"}],"about":[{"href":"https:\/\/www.feel-in-therapy.com\/index.php\/wp-json\/wp\/v2\/types\/page"}],"author":[{"embeddable":true,"href":"https:\/\/www.feel-in-therapy.com\/index.php\/wp-json\/wp\/v2\/users\/1"}],"replies":[{"embeddable":true,"href":"https:\/\/www.feel-in-therapy.com\/index.php\/wp-json\/wp\/v2\/comments?post=105"}],"version-history":[{"count":11,"href":"https:\/\/www.feel-in-therapy.com\/index.php\/wp-json\/wp\/v2\/pages\/105\/revisions"}],"predecessor-version":[{"id":124,"href":"https:\/\/www.feel-in-therapy.com\/index.php\/wp-json\/wp\/v2\/pages\/105\/revisions\/124"}],"wp:attachment":[{"href":"https:\/\/www.feel-in-therapy.com\/index.php\/wp-json\/wp\/v2\/media?parent=105"}],"curies":[{"name":"wp","href":"https:\/\/api.w.org\/{rel}","templated":true}]}}